.
-15
9 + (-24 - -17) - (3 - -4)
-5
(-1 - (1 - 5)) + (15 - 13)
5
Evaluate -92 + 69 + (10 - 0) - (3 + 3).
-19
What is (10 + -19 - -4) + -11?
-16
Evaluate -13 + 14 + -7 - -9 - (4 + -3).
2
What is -84 + 100 - ((-1 - (5 - 2)) + 7)?
13
-12 - (5 - 7 - (-3 - (2 + -2)))
-13
Evaluate -22 + -20 + 43 + 1 + -5.
-3
(-13 - (-21 + 12)) + -4 + -20 - -3
-25
Calculate -7 + 12 - ((6 - -5) + 14).
-20
What is 1 - 23 - -5 - -17?
0
-5 - (-16 + -14 + 18)
7
Evaluate -1 - (-9 + (-2 - -8) + -3).
5
Evaluate (24 - 27) + (7 + -2 - 1) + 19.
20
What is -10 + 3 + (3 - (5 + -1)) + -2?
-10
Calculate -3 - (-4 - (-9 + 9 + 3)).
4
What is the value of (2 - 11) + 23 - (11 + -28)?
31
What is -4 - (3 + 3 - (13 + 5))?
8
What is 21 - ((6 + -11 - 6) + 14)?
18
What is -11 - (-12 + 6 - 23)?
18
5 - (11 + (-9 - -14))
-11
-2 + 23 - (-29 + -15 + 45)
20
0 + 1 + (-122 - -117) - (-1 + 8)
-11
What is the value of -7 - ((0 - -6) + -5) - 1?
-9
Evaluate 1 + -4 - (133 + -144 - (1 + -39)).
-30
130 + -130 + (1 - 5) - 17
-21
What is -3 + -2 - (-10 + 11 + (4 - 2))?
-8
Calculate -2 + 12 + -12 + -15 + 30.
13
What is the value of 14 + -6 + 4 - 19?
-7
What is -26 - (6 - (-16 + 38))?
-10
Calculate (3 - 1) + (388 - 400).
-10
Evaluate -9 + 1 + -28 + (26 - -6).
-4
Evaluate -6 + 0 + (-7 - (-1 + -5)).
-7
(6 - (3 + 1) - -3) + 8 + -21
-8
Evaluate (-33 + 18 - -21) + (-3 - 1 - -2).
4
Evaluate -1 + (-18 - -34) + -11.
4
Calculate (22 - 36) + 6 - -21.
13
What is -4 - ((-1 - (-6 + 4)) + 3 - -5)?
-13
What is -4 - (-23 + 7 - -22)?
-10
Evaluate 3 + -8 + 2 + (7 + 1 - 14).
-9
Evaluate (3 + -14 + 17 - -6) + -11.
1
-7 + -1 + 1 + (-16 + -2 - -20)
-5
What is 8 - (0 - (5 - (17 + -4)))?
0
(-3 - -4 - 0) + -569 + 567
-1
215 + -188 + (-1 - 0)
26
What is the value of 2 - ((-22 - 0) + 12)?
12
Evaluate -12 - (-20 - (-20 - -14)).
2
Evaluate 7 + 7 + (-5 - 30) - (1 + -7).
-15
Evaluate 13 + -17 + 8 + -16.
-12
Calculate (-14 - -17) + 15 + -21.
-3
-1 + -6 + (-33 - -20)
-20
0 + -1 - (-36 - -23)
12
What is (0 - -2) + -14 + 0 + 5?
-7
What is the value of (-1 - (-11 - (13 + -3 - 3))) + 1?
18
What is 13 + -10 - (-4 + 4) - 5 - -1?
-1
What is 8 - 10 - -39 - 20?
17
32 + -13 - (39 - 4)
-16
Evaluate -5 - (-5 + 8 + -17).
9
What is the value of (0 - (-21 - -9)) + -38 + (-3 - -1)?
-28
2 + (-6 + 22 - 9) - 13
-4
Evaluate -3 + 7 - -7 - (-4 - 4).
19
What is 12 + -9 - (-8 + 29)?
-18
401 + -398 + 1 + -2 + 7
9
What is the value of -3 - 12 - (9 - 11) - 8?
-21
Calculate 3 - (10 + 3 + -7 + 1 + -4).
0
What is 7 - (3 + -2 - 0) - (42 - 45)?
9
Evaluate -4 - 21 - -16 - 3.
-12
988 - 1008 - (1 - 5)
-16
Evaluate (-4 - 26) + (262 - 262 - (1 + -6)).
-25
2 + 8 - (-11 + (-2 - -19))
4
Evaluate (-3 - -1) + 2 - 1 - (42 - 57).
14
-33 + 22 + (4 - -1) + 10
4
2 - 9 - (10 + (7 - 48) - 6)
30
What is the value of -13 + (12 + -4 - 5) - -5?
-5
624 + -673 - (1 + -24)
-26
13 + -1 + (-69 - -51)
-6
Calculate -655 - -660 - (-10 - 1).
16
What is -203 + 146 + 35 + 0?
-22
What is the value of (8 - 0) + (59 - 68)?
-1
What is (8 - -1) + (191 - 204) + -15?
-19
What is 48 - 75 - (-3 - 6 - -1)?
-19
What is the value of (3 - 9) + 6 + (0 - 1) + -5?
-6
What is the value of 3 - (36 - 16 - 7) - 4?
-14
What is the value of -3 - (-18 - (14 + -23))?
6
What is -11 - (3 + -2 - (1 + -4 - -11))?
-4
What is the value of 10 + -13 + (-4 - (7 + -17))?
3
What is -1 + 18 + -21 - -9?
5
(13 - ((4 - 5) + 17)) + (1 - -6)
4
Evaluate 2 + 13 + -4 + -10 + -20.
-19
Evaluate (-116 - -105) + (-2 - 5).
-18
What is the value of 17 - (38 + -2 + 14)?
-33
Calculate -12 - (7 + 4 + -4 - 16).
-3
Calculate 12 + 14 + -38 + 20.
8
10 + (-44 - -12 - -15)
-7
Calculate -3 - -8 - (-24 - -28).
1
Evaluate -9 + -7 + 27 - 8.
3
Calculate 16 - (-17 - (23 + -37)).
19
What is the value of -87 - -9 - -33 - -38?
-7
7 - ((-70 - -80) + (2 + -5 - 2))
2
What is the value of (11 + -24 - -11) + 1 + 7 + -6?
0
Calculate -78 + (-38 - (-86 + 3)).
-33
What is 4 - (3 - -7) - (5 - 5 - -2)?
-8
5 + 2 + (5 - 10) + 2 - 2
2
What is -26 - (40 + -75) - 5?
4
(2 - 10) + 34 + -15 + -20 + -17
-26
Calculate (12 - (16 + -4)) + (-2 - (-4 - -5)).
-3
Evaluate (-42 - -6) + -58 + 97.
3
Calculate 19 + 13 + (-9 - 1) - 7.
15
(-17 - -14 - -19) + (-5 - 0)
11
-1 - (-3 + 7 + (0 - (-3 - -12)))
4
What is the value of 18 + 28 - (18 - -11)?
17
Calculate 4 - 15 - (10 + (-5 - -2) - 29).
11
Calculate (-4 - 4) + 0 - (-119 - -88).
23
What is (7 - (-7 - (6 - 19))) + (-13 - 1)?
-13
What is the value of -11 + 11 + 20 + -4?
16
What is -60 + 51 + 9 + 1?
1
What is the value of -4 + (9 - (36 + 9 + -9))?
-31
Calculate 14 - (-23 - -19 - 6).
24
Evaluate 10 - (-21 + 29 + -8 + 3).
7
What is the value of 28 + -1 - (-860 + 860)?
27
Evaluate 14 + -41 + (5 - (3 + 4) - 3).
-32
What is -1 - 10 - (-12 + 9 + -25) - -5?
22
What is the value of 0 + 10 - (-20 + 2 + 11)?
17
Calculate 41 + -17 - (16 - (-6 + 9)).
11
What is 34 + 36 + -81 - (1 - -2)?
-14
Evaluate 13 + 12 + -27 - -6 - 18.
-14
What is the value of -4 + 3 + (-9 - -10)?
0
Calculate 2 - (-6 - (9 + -18) - (-1 - -20)).
18
Calculate -91 + 100 - (6 + -2) - 3.
2
Calculate 1617 + -1634 + 2 + (2 - 4) + -6.
-23
Evaluate -1 + -9 - (6 - 11).
-5
What is (-4 - -38) + -14 + (-2 - -5)?
23
19 + (116 + -110 - (-2 - (-1 - 16)))
10
What is the value of 0 + (-1 - -4) - 10 - (2 - 5)?
-4
-2 - (-17 - -10 - (7 + (-8 - 7)))
-3
Evaluate -19 - (-8 - 2) - 21.
-30
-11 + (-1 + 4 - 10)
-18
What is the value of -21 - (4 + (13 - 10) - 12)?
-16
What is (-9 - -23) + 5 + -14?
5
What is -16 + 65 + -37 - 12?
0
What is 7 + 10 + 21 + (18 - 40)?
16
-13 - 13 - (4 + -25)
-5
What is the value of -2 + (-2 - (12 - 11)) + 22?
17
What is (31 - (-12 + 14)) + -2?
27
What is the value of 8 - -15 - 26 - -10?
7
Evaluate -5 + 0 + (14 - 13 - (11 - 3)).
-12
-16 - (-52 - -21 - -17)
-2
Evaluate (-23 + 10 + -1 - -6) + (-17 - -38).
13
Evaluate 21 + (3 - 49 - 6).
-31
What is the value of 114 + -33 + -99 + -10 + 1?
-27
-247 - -243 - (-5 - 0)
1
-79 + 73 + 7 + -1 + -1 + -11
-12
Evaluate -2 + 0 - ((7 - 14) + 4).
1
Calculate 14 - 3 - (1 + 3) - -2.
9
What is 33 - (32 - 24) - 22?
3
What is the value of (-17 - 0) + 0 - (10252 + -10306)?
37
Calculate 2 - 6 - (5 - (18 - 0)).
9
What is the value of -22 + 71 + -26 + 1?
24
What is 6 + (0 - 11 - (11 - (18 + -9)))?
-7
16 + -22 + 7 - 2
-1
What is the value of (-1 - -31) + (0 - 21 - (-103 + 78))?
34
Calculate 9 + -3 + -10 + -1.
-5
What is the value of 3 - (-15 + -3 + (-4 + -1 - -13))?
13
Calculate -5 - ((2 - 11) + (21 + -3 - 11)).
-3
Calculate 3 - 6 - -2 - (1 - (2 - 2)).
-2
(-27 - -9 - -1) + 12
-5
What is -30 + (-1 - -17 - (-17 + 26))?
-23
Calculate 16 - (-10 + 17) - 9.
0
What is the value of (-12 - -2 - -10) + 6 + -8 + -7?
-9
Calculate 12 - 30 - (-10 - (-9 + 5)).
-12
Evaluate 21 + -11 + -4 + -6 - (0 + -7).
7
5 - (7 - -1) - 0
-3
-30 + -25 + -20 + 70
-5
What is the value of -10 + 0 - (30 - (46 - 17))?
-11
-12 - (5 - (24 + -15))
-8
Evaluate -6 + 0 + (-8 - -6) + -1.
-9
What is 2 - (54 - (40 - 8))?
-20
Evaluate -2 + 11 - (-30 - -38) - 8.
-7
Calculate 7 - (-7 + -12 + 7) - (-2 + 5).
16
What is -10 + -1 - (8 + (-7 - (4 + -5)))?
-13
Calculate -278 + 276 + (0 + -1 - 2).
-5
Evaluate (3 - (-11 - (-1 + -9))) + 10 - -11.
25
(5 - 10) + 7 + -14 + 0 + 9
-3
What is the value of -10 + -10 + 20 + 12?
12
Evaluate -11 + (12 - -15) + -28 - -49.
37
What is -1 - -5 - 0 - (2 - 12) - 3?
11
What is -6 + 15 + 5 + -3?
11
Evaluate -22 + -1 - (399 + -416).
-6
What is the value of -4 + (9 - 8 - 1)?
-4
0 + -2 - -6 - (12 - 11) - 13
-10
3 + 0 - (-12 + (-15 - -21) - -23)
-14
Calculate -25 + 31 + -13 + 0 - (6 - -2).
-15
What is 2 + (7 + -4 - 6) + 8?
7
What is 13 + 0 + 59 + (-85 - -32)?
19
Evaluate -11 + 13 - 7 - 1.
-6
Evaluate 3 + -8 + 21 + 0 - 43.
-27
What is the value of -36 + 15 - (19 + -9)?
-31
Evaluate (-11 + -6 - -3) + 7 - (-2 - -21).
-26
33 + -43 + (19 - -1) + 18
28
Calculate -3 + (12 - 10 - -4 - -1) + 23.
27
Evaluate 13 - 0 - (4 - (6 - 10) - 4).
9
Evaluate 3 + 29 + (-16 - -10).
26
Evaluate 102 - 100 - (4 - -18).
-20
Evaluate -4 + (-8 + (6 - -5) - 11).
-12
What is the value of 0 + 4 + (-5 + -5 + 14 - 21)?
-13
What is -10 + -12 + 11 + 2?
-9
Evaluate (0 - -6) + (-16 - 2).
-12
Calculate (-4 - (-4 + 1 + -4)) + -7.
-4
-4 + 9 + -11 + (-2 - (-2 + 0))
-6
What is 6 + 18 + -26 + 14?
12
Calculate (6 - -6 - -2) + 4 + 4.
22
Evaluate -5 + 4 + 3 - 3.
-1
What is -14 - (-32 - (11 - 27))?
2
What is the value of -4 + 4 + (-120 - -99)?
-2